atest common divisor of 62 and l.
31
Suppose 0*v = 4*v. Let n = v - -8. Suppose -3*m + n*m = 3*b + 345, -5*b - 157 = -2*m. Calculate the greatest common factor of 6 and m.
6
Let g(w) = 2*w + 20. Let f(t) = t**3 - 28*t**2 + 28*t - 19. Let d be f(27). Let p be g(d). Let y = p - 32. What is the highest common divisor of 16 and y?
4
Let z = 13458 + -12153. Calculate the highest common factor of 725 and z.
145
Let d = 6256 + -6251. Let m(n) = 14*n**3 + 2*n - 1. Let j be m(1). Suppose -l - j = -4*l. Calculate the highest common divisor of l and d.
5
Let o = 1626 - 1095. Let a = 686 - o. What is the greatest common divisor of 62 and a?
31
Let g(h) = -3*h. Let s be g(-1). Suppose 28 = s*x - 8. Suppose 2*z - 5*b = 206, -733*z + b - 110 = -734*z. Calculate the highest common factor of z and x.
12
Let l(x) = 59*x + 2653. Let w be l(-39). Calculate the greatest common divisor of 512 and w.
32
Suppose -10*x = 109 + 1. Let w(t) = -13*t - 128. Let c be w(x). Calculate the highest common factor of 35 and c.
5
Let c = -17880 + 18165. Suppose -3*b + 37 + 53 = 0. What is the greatest common divisor of c and b?
15
Suppose -16 = 6*a - 8*a. Suppose -9*f + 8 = -a*f. Let k be (-285)/(-60) + (-6)/f. Calculate the highest common factor of k and 76.
4
Suppose 12*q - 963 = 321. Suppose -11 = 6*g - q. Calculate the highest common divisor of 144 and g.
16
Suppose -5*g - 4*o + 19011 = 0, 5*g + 1658 = 3*o + 20711. Calculate the greatest common divisor of g and 141.
141
Suppose 38 = -3*a - 46. Let c be (1 + 52/a)*(-56)/12. Let z be c - (5 + -3) - -1. Calculate the highest common factor of 12 and z.
3
Let n(j) = 19*j**2 + 3*j + 7. Let k be n(-5). Let o be ((2 - 5) + -8)*-1. Suppose -o*d - 115 = -k. Calculate the highest common divisor of 80 and d.
16
Let v(r) = -217*r - 1. Let k be v(-1). Let g be (30/10)/((-15)/(-710)) + (3 - 1). What is the highest common factor of k and g?
72
Let y(q) = -q**3 + 3*q**2 - 598. Let w be y(0). Let f = w - -608. Suppose 0 = -4*z + 8, 4*b - 194 = -z + 4*z. Calculate the highest common factor of f and b.
10
Suppose 2*w - 37 = -52*k + 49*k, -2*k - 14 = 0. Suppose -25 = 5*q, -3*x - 6*q - 17 = -2*q. Calculate the highest common factor of w and x.
1
Let t = 54 + -36. Suppose -80*h = -77*h - 33. Let u = t - h. What is the highest common factor of 21 and u?
7
Let r be (5 - -2) + (11 - -152). Calculate the greatest common divisor of 782 and r.
34
Suppose -4 = -4*j, -5*k - j + 66 + 10 = 0. Suppose k*r = 12*r + 12. Suppose -43 = -3*b + r*c, 5*c - 6 - 2 = -b. What is the greatest common factor of 13 and b?
13
Let k = 75 - 35. Suppose -2*h + k = -7*h. Let u(a) = a**3 + 7*a**2 - 12*a + 1. Let z be u(h). What is the greatest common divisor of 11 and z?
11
Suppose 0 = 7*l - 4*l - u - 389, 394 = 3*l - 2*u. Let v = -46 + 312. Suppose -7*p + v = 42. What is the greatest common factor of p and l?
32
Let h = -400 - -772. Calculate the highest common factor of h and 96.
12
Suppose 0 = -3*g - 6, 0 = 4*c - g + 5*g + 32. Let z be (c + 80/15)/((-4)/78). Suppose 15*k = z*k + 2. Calculate the greatest common divisor of 19 and k.
1
Let p(x) = -38*x - 3. Let j(t) = 1. Let h(i) = 2*j(i) + p(i). Let s be h(-1). What is the highest common factor of 37 and s?
37
Suppose 31*x - 52*x = -9072. What is the greatest common divisor of x and 918?
54
Let b = -1515 + 2775. What is the highest common factor of 112 and b?
28
Let n(f) = -f**3 - 27*f**2 + f + 90. Let b be n(-27). Calculate the greatest common divisor of 306 and b.
9
Suppose -38*q = 14 - 242. Let n(s) = -3*s**3 + 2*s**2 - 2. Let c be n(-2). Suppose -2*k = -k - c. Calculate the greatest common divisor of q and k.
6
Suppose -23188 = -652*v + 635*v. Calculate the greatest common factor of v and 132.
44
Let u be 27/21 - (-44556)/21. Calculate the greatest common divisor of u and 88.
11
Let o be 402 + 6*4/(-8). Let d be ((-1)/3)/((-7)/o). Let v = 390 - 219. Calculate the greatest common divisor of v and d.
19
Let a be 68/(-85)*(-3 - 30/(-12))*8965. What is the highest common divisor of 22 and a?
22
Suppose 177*g + 103557 - 575616 = 0. What is the highest common divisor of 126 and g?
21
Let r be 3 - (1 - 3 - 330). Let g be r/2 + (-2)/(-4). Suppose 0 = 5*l + 2*t - 128, 3*t + 374 - 410 = -l. What is the highest common factor of g and l?
24
Let j be (-8 - -10)/(2/(-3)). Let w(o) = 13*o**2 + 15*o + 3. Let t be w(j). What is the greatest common factor of t and 50?
25
Let v = -557 + 293. Let z = v - -276. Calculate the greatest common divisor of z and 96.
12
Let a be ((-6)/1)/((-714)/990 - (-10)/15). What is the highest common factor of 3410 and a?
110
Let z = -10 - -19. Suppose a - 4*m = -15, -5*m = -m. Let t be a*(9/2)/z*-2. Calculate the greatest common divisor of t and 20.
5
Let k be 15/(6/2) - -8. Let s(h) = -h**2 + 7*h - 5. Let i be s(5). Suppose i*t = 3*q - 0*t - 13, -t - 2 = 0. What is the highest common divisor of q and k?
1
Suppose -z - 58*z = 16658 - 78785. What is the highest common divisor of 648 and z?
81
Let z(x) = 20*x - 16. Let u be z(3). Suppose u = -20*f + 18*f. Let n = f - -72. Calculate the greatest common divisor of n and 10.
10
Suppose -12*h + 65 = -7*h. Suppose -h = 4*u - 37. Suppose r = 2*v - 57, v + 0*r = -r + 33. Calculate the highest common divisor of v and u.
6
Suppose 263*l - 36 = 257*l. Suppose -10*v = -2*v - 1968. What is the greatest common divisor of l and v?
6
Let c = 9602 - 7977. What is the greatest common divisor of c and 26?
13
Let u = 34805 - 34786. Let s be 530/4 + (-2)/(-4). Calculate the highest common factor of s and u.
19
Let j = 20151 + -18429. What is the greatest common factor of j and 1066?
82
Let j be 18/12*(1 - (-33351)/3). Suppose j + 15129 = 38*w. Calculate the greatest common divisor of 27 and w.
27
Suppose -5*k + 1436 = 618*d - 616*d, -4*d + 870 = 3*k. Let w be ((-354)/8)/(-1) - (-9)/(-36). What is the highest common factor of w and k?
22
Let z = -615 - -637. Suppose 0 = z*m - 1164 - 882. What is the highest common factor of m and 217?
31
Let b(v) = 62*v - 1501. Let t be b(25). What is the highest common factor of 10241 and t?
49
Suppose 38360 = 110*m - 40*m. What is the greatest common factor of m and 32?
4
Let b = 3926 + -3917. Let v be 1*(-93 - 1)*63/(-14). Calculate the greatest common divisor of b and v.
9
Let l(b) = -4*b + 7. Suppose -380 + 364 = 16*s. Let p be l(s). Calculate the greatest common factor of p and 22.
11
Let k be 0/2*3/9. Suppose 14*a - 14 - 14 = k. Suppose -51 = -3*m - 2*m - a*j, m = 4*j - 3. What is the highest common factor of 9 and m?
9
Let x be 104/(-65) + (-1284)/(-15). What is the greatest common factor of 357 and x?
21
Suppose 7*m = 15*m + 704. Let o be (-550)/m - 1/4. Let r(y) = 3*y**2 + 6*y + 7. Let c be r(-3). Calculate the greatest common divisor of o and c.
2
Let r = 25133 + -24929. Calculate the greatest common divisor of r and 150.
6
Let i(v) = v**3 + 8*v**2 + 10*v - 9. Let u be i(-6). Let z be u*3/9 + 5. Suppose z*n = -2*n + 1368. What is the highest common divisor of n and 19?
19
Let z be ((-12)/10)/(372/(-43400)). Calculate the greatest common divisor of 196 and z.
28
Suppose -15*b + 37*b - 50807 = -b. What is the highest common factor of b and 47?
47
Suppose 0 = -19*i - 343 - 1348. Let n = 106 - i. Calculate the highest common divisor of n and 30.
15
Let j be (19 - 17 - 2) + (1 - 3*-1). What is the highest common divisor of 73 and j?
1
Let m(q) = -16*q. Let g be m(-1). Suppose 0 = 4*u + 72 - 64. Let w(c) = -7*c**3 - 6*c**2 - 8*c. Let f be w(u). What is the highest common divisor of g and f?
16
Suppose -3*c = 5*k - 289, 2*k - 26*c + 28*c = 110. Calculate the highest common factor of 4247 and k.
31
Suppose -61928 - 25469 - 22803 = -145*j. What is the greatest common divisor of 25 and j?
5
Let r = 12315 - 12194. Calculate the highest common divisor of r and 5203.
121
Let c be -55*((17/((-68)/(-48)))/(-2) + -3). Calculate the greatest common factor of 99 and c.
99
Let j = 20438 - -2011. Calculate the greatest common factor of j and 21.
21
Let k = 177 + -20. Suppose 14*g - k = 221. Suppose 144*r - 143*r = 3. What is the highest common divisor of r and g?
3
Suppose -2*y + 400 = 4*w, 6*w = w + 3*y + 500. Calculate the greatest common divisor of 3380 and w.
20
Let h = -2931 - -9826. Calculate the greatest common factor of 140 and h.
35
Suppose 0 =